*r**2 - 27*r + 17. Is h(14) a prime number?
True
Suppose 2*a - 3*y + 0*y - 13 = 0, 4*a + 4*y = -24. Let q = a - 0. Is (0 + q)/((-10)/110) composite?
False
Let l be (-2)/6 - (-1573)/(-33). Let p be (1784/(-6))/(16/l). Suppose 0 = 2*u - 2*j - 0*j - 446, 4*u - 2*j - p = 0. Is u a prime number?
True
Let k(l) = l**2 + l. Let t be k(1). Suppose 0 = 5*g + c + 2*c - 1180, 236 = g + t*c. Suppose 3*f - g = -f. Is f composite?
False
Let g(s) = 122*s - 2. Let f be g(4). Suppose 258 = 789*c - 795*c. Let n = f + c. Is n a prime number?
True
Let v = 11 + 15. Suppose -3*p + 74 - v = 0. Suppose -19*q + 609 = -p*q. Is q composite?
True
Let m be (-2 + (-9)/(-3))*3. Suppose 2 = -m*w + 59. Suppose -k = -w - 0. Is k prime?
True
Suppose 0 = -3*p + u + 30862, -9*p + 14*p + 3*u = 51460. Is p composite?
False
Suppose -777 = -0*c - 3*c. Suppose g - c = 150. Is g prime?
True
Suppose -5*l = -4 - 11, -i + 3*l + 39421 = 0. Suppose -6*x + i = 4*x. Is x a prime number?
True
Let r = 5310 - 182. Let b = r - 2423. Is b a composite number?
True
Let m(q) = q**2 + 16*q + 5. Let o be -4 + (-2 + 4)*-11. Is m(o) prime?
False
Let a(y) = -y**3 + 48*y**2 - 147*y + 101. Is a(42) a prime number?
False
Is (9 + 2)/(((-18)/21)/(-6)) prime?
False
Let p be 450/(((-1)/(-1))/1). Let r = -142 + 443. Let n = p - r. Is n prime?
True
Let l(q) = 1663*q**3 + q**2 - 2. Let y be l(-2). Is 4*1 - y/18 prime?
True
Let u(h) = 115*h**3 + 8*h**2 - 31*h + 63. Is u(7) composite?
True
Let m be (-15)/(-24)*-2*(-2740 + 0). Let l = -908 + m. Is l composite?
True
Let u be (-1 - ((-20)/14 - -1))*-7. Suppose 0 = u*o - 110 - 102. Is o a composite number?
False
Let v = 217922 + -153249. Is v a prime number?
False
Let t = 18901 - 9422. Is t prime?
True
Suppose -3*l = -17*g + 12*g + 6820, 0 = -4*g + l + 5449. Is g composite?
False
Let d(c) be the second derivative of 2*c**4/3 - c**3/3 + c**2 - 11*c. Is d(-6) a composite number?
True
Suppose 4 = 3*j - 2*j. Suppose -2*h + j*k = -3*h + 387, 3*k = h - 373. Is h a composite number?
False
Let g(r) = -1974*r**3 - r**2 + 6*r + 6. Is g(-1) a prime number?
True
Suppose 7*f - 12 = 5*f. Let s(g) = -g**3 + 8*g**2 - 14*g + 6. Let i be s(f). Let l = i + 15. Is l a composite number?
True
Let o be (-2 + 521)*12/(-9). Let d = o + 1011. Is d prime?
False
Suppose 0 = 3*w - 8 - 7. Suppose w*l + 0*l = 410. Is l prime?
False
Suppose -2*s = -7*s - 2950. Let j = -928 - s. Let w = 591 + j. Is w a prime number?
False
Let o(b) = 53*b + 10. Let r be o(-11). Let k = r - -1022. Is k prime?
True
Let k = 4 - -1. Suppose -4*r - k*m = -6777, r - 4*m - 882 = 807. Is r prime?
True
Let g = -540 - -1048. Suppose 4*i - 508 = -4*m, -3*i + i = -4*m + g. Is m a composite number?
False
Let x = -25 - -31. Let p = x - 6. Suppose 2*d - 3391 = -5*i, p = -3*i - 3*d + 5*d + 2041. Is i composite?
True
Suppose 2*r - 2*d = d - 6, 0 = 4*r - d - 8. Suppose 0 = -5*t + 3*t + r*m + 710, 3*t - 2*m - 1070 = 0. Is t a prime number?
False
Let y(c) = -1011*c + 13. Let g be y(-4). Suppose -8*d + g = -463. Is d a composite number?
True
Let y(i) be the third derivative of 11*i**5/30 - i**4/8 - i**3/3 + 4*i**2. Suppose -f + 30 = 5*f. Is y(f) a prime number?
False
Suppose 0*h = 5*h - 15. Suppose 6*y - 3*y + 2*o - 2613 = 0, 9 = h*o. Is y a composite number?
True
Let g(c) = -286*c + 13. Suppose -2*b = -3*y - 2 + 17, -4*y = 4*b + 40. Is g(b) a prime number?
False
Let s(q) = 5*q**2 + 2 + 3 + 0 - 6*q + 27*q**3 - 4. Is s(3) prime?
True
Suppose -x + 5*p + 24182 = 0, 9*x - 8*x + 5*p - 24212 = 0. Is x prime?
True
Let f = -198 + 277. Is f a prime number?
True
Let h(m) = -m**2 - 5*m + 3. Let s be h(-5). Suppose 258 = 2*l + d, s*d + 675 = 5*l - 2*d. Is l prime?
True
Let s(q) = -8*q - 2. Let f be s(6). Let j be (-4)/(-5) - 10/f. Is (j - 2)*(-94)/2 a prime number?
True
Let r(z) be the second derivative of -z**3/6 + 4*z**2 - 12*z. Is r(-14) composite?
True
Suppose -6*s = -9797 + 3359. Is s prime?
False
Suppose -10 = 3*l - 16. Suppose o = -3*j + 82, -l*j - 3*j + 321 = 4*o. Is o a composite number?
False
Suppose 4*j - 13 = -3*b, b + 3*j + 0*j = 6. Suppose -3*o - 3*t + 1986 = 0, b*o + 2*t = -2*o + 3310. Is o composite?
True
Let m(i) = -i**3 + i + 1. Let z(u) = 4*u**3 - 6*u**2 - 9*u - 3. Let j(l) = 5*m(l) + z(l). Let w be j(-6). Suppose o = w + 7. Is o composite?
True
Suppose -9*t = -14*t + 20. Suppose 5*d = -4*r - 0*r + 1480, d = -t*r + 1464. Is r a composite number?
True
Let c(s) = -s**2 + 2*s - 214 + 214. Let z be c(2). Suppose z*f = f - 83. Is f composite?
False
Let n(i) = 113*i + 7. Suppose -12 = -r - r. Is n(r) composite?
True
Is 130953 + 4 + -5 + -1 + 6 prime?
True
Suppose 2*a - 315 - 4747 = 0. Is a composite?
False
Suppose -z + 4*f = -177, 3*f + 2*f = -2*z + 302. Suppose -3*w = z - 614. Suppose 0 = -2*n + w + 103. Is n a prime number?
True
Let r(y) be the third derivative of y**5/30 + 13*y**4/12 - 19*y**3/6 - y**2. Is r(-21) prime?
True
Let u(x) = -250*x - 4. Let p be u(2). Let v = p + 874. Is 2 + v + 1/(-1) a composite number?
True
Let u(x) = -x**3 + 21*x**2 - 33*x + 3. Let w be u(19). Let r be (2 + 2)*(-2)/4. Is 0 + w + (-5 - r) composite?
True
Suppose -500 = -4*j + 260. Let s = j - -64. Is s a prime number?
False
Suppose 9*m - 5*n = 5*m + 86867, -5*m + 5*n = -108585. Is m prime?
False
Suppose 3*n - 2*i - 38943 = 0, 4*n + 7*i = 6*i + 51913. Is n a composite number?
False
Suppose -2*h + 5*h - 5*s = -1035, -4*s + 1372 = -4*h. Let f = 463 - h. Is f prime?
False
Suppose 0 = -2*y + 4*s + 9 - 27, -2*y - 11 = 3*s. Let p(x) = -9*x + 6. Is p(y) prime?
False
Suppose 23257 = 3*k - 2*v, 2*k - v - 4700 = 10805. Is k a prime number?
True
Suppose -23*t + 19*t = -316. Is t composite?
False
Let p = 1907 + -1284. Is p prime?
False
Let y(c) = 251*c**3 - c**2 + 3*c - 2. Let b be y(1). Let d = b - 106. Is d composite?
True
Let t(x) = -43*x - 34. Let n be t(9). Let m = -227 - n. Is m prime?
False
Let f = -341 + 650. Let c = -593 + 411. Let k = f + c. Is k composite?
False
Let x = -5902 + 11063. Is x a prime number?
False
Let s be 2/(-7) + (-153)/(-21). Is s*(-298)/(-22) - 2/(-11) a composite number?
True
Let y be 2/(3*(-5)/30). Let n(m) = -114*m + 1. Let l be n(y). Suppose -3*z - 3*s = -654, -5*s = -0*z - 2*z + l. Is z a prime number?
False
Suppose -d - 3*f - 3 = 0, 3*d + d + 2 = -2*f. Suppose d*i = 2*i + 806. Is (2 - i/(-3))*-3 a composite number?
False
Is 6903 + 1 + -8 + (1 - -1) prime?
False
Suppose -4*w = -27*x + 29*x - 115210, 3*x = -w + 172830. Is x a prime number?
False
Let z(f) = 2*f + 16. Let i be z(-10). Let t be 3/(-4)*i + -7. Is (-1590)/t + 2/(-4) a composite number?
False
Let g(t) = t**3 - 9*t**2 - 14*t - 3. Let s be g(10). Let d = s - -166. Is d composite?
True
Suppose -20 = 19*n - 18*n. Is 46/((n/(-26))/5) prime?
False
Let r(x) = -1. Let y(t) = -3*t - 2. Let s(g) = -6*r(g) + y(g). Let w be s(2). Is (1 + -489)/w + 3 a prime number?
False
Let w(i) = 230*i**2 - 26*i + 197. Is w(6) a composite number?
True
Let h be ((-4)/8)/((-5)/(-10)). Is 199*-2*h + -1 prime?
True
Let a = -3952 + 5721. Is a composite?
True
Let v = 8586 - -5027. Suppose 7*f - 2*f - 2*i - v = 0, -4*f - 4*i = -10896. Is f a composite number?
True
Suppose 0 = 23*b - 9*b + 2492. Let w = b + 2025. Is w prime?
True
Suppose -5*u + 8 + 2 = 0. Suppose -5*d - 2*q + 1253 = 0, d + q = u*d - 252. Is d a prime number?
True
Suppose 33 - 137 = -4*v. Let z(j) = -j**2 + 7*j. Let l be z(7). Suppose 2*f + l*f - v = 0. Is f a prime number?
True
Let s(w) = 3813*w**2 + 3*w - 19. Is s(4) a composite number?
False
Suppose -2*d - 2*k = k - 8, -3*d - 2*k = -12. Is (-3 + 1061/d)*4 composite?
False
Let c be 2/9 + (-592)/72. Let b = c - -12. Is b a composite number?
True
Let f = -31801 + 49982. Is f composite?
False
Let s = -1168 + 2205. Is s a prime number?
False
Suppose 0 = -10*u + 40236 + 38054. Is u prime?
True
Let u(l) be the third derivative of 3*l**4/8 + l**3/6 + l**2. Is u(4) a prime number?
True
Is 370341/21 - 4/14 composite?
True
Let q(s) = 155*s**2 + s. Let x be q(1). Suppose 0 = -11*g + 18*g - 28. Suppose 0 = -r + 3*r + g*n - x, -238 = -3*r - 4*n. Is r a prime number?
False
Suppose 0 = -2*d - 5*d - 6342. Let v = d + 1817. Is v prime?
True
Let n be (-15)/10*(-4)/(-6). Let j = 3 - n. Suppose 53 + 223 = j*l. Is l composite?
True
Let l(x) = -5*x**3 + 12*x**2 + 22*x - 7. Is l(-6) prime?
True
Let n = -64538 - 